mainder when w is divided by c.
8
Suppose -i - 4914 = -15*i. What is the remainder when 168 is divided by i/18 + 3 + (-21)/6?
16
Let q = 460 + -405. What is the remainder when (-1 + 4)*237 + (4 - 1) is divided by q?
54
Let p(g) = 4*g + 1. Let n be p(-4). Calculate the remainder when (-605)/n + 1 + (-20)/15 is divided by 14.
12
Suppose -20*s = -17*s + 45. Let w be (-1)/(-5) - (4 + 1272/s). Suppose -p = w - 119. Calculate the remainder when p is divided by 20.
18
Let i = 138 - 119. Suppose -59 = -8*q - i. What is the remainder when 42 is divided by q?
2
Suppose -13*s + 8*s = -21*s + 432. Calculate the remainder when 144 is divided by s.
9
Let r(a) = -2*a**2 + 43*a + 237. Suppose -21*g = -19*g - 42. What is the remainder when g is divided by r(26)?
0
Let l be 219/9*3*1. Suppose -5*y + q + q + 93 = 0, 0 = -4*y + 3*q + l. Calculate the remainder when y is divided by (-1765)/(-706)*(-42)/(-15).
5
Let k(m) = -m**2 - 34*m + 986. Calculate the remainder when k(-29) is divided by 19.
10
Let m(n) = -2*n**2 + 28*n - 37. Let i be m(15). Calculate the remainder when 3/(1 - (-66)/i) is divided by 53.
42
Let m be 376/(3 - 1) - 10/2. Let h = 207 - m. Calculate the remainder when 191 is divided by h.
23
Suppose 0 = -4025*s + 4417*s - 11368. Suppose -2*r + n - 6*n = -513, 0 = 5*r + n - 1294. What is the remainder when r is divided by s?
27
Let d = 15740 - 12705. Calculate the remainder when d is divided by 1010.
5
Suppose 629 = 17*v - 0*v. Suppose -8*j = -v + 29. Calculate the remainder when 3 is divided by j.
0
Let m = -20 - 33. Let l(w) = 25*w - 199. What is the remainder when l(12) is divided by 2*(-3)/6 - m?
49
Let m(b) = 1824*b - 23705. Let c(y) = 4*y**3 + 2*y**2 - y + 1. What is the remainder when c(3) is divided by m(13)?
5
Suppose -27931 - 61589 = -80*q. Calculate the remainder when q is divided by 54.
39
Let v = -1954 - -2010. What is the remainder when 1062 is divided by v?
54
Suppose -11*a - a = -1824. Suppose -33*r + 41*r = a. Calculate the remainder when r is divided by -7*(-1)/((-1)/(-1)).
5
Suppose -5*l + 319 = q, 14*l = -5*q + 10*l + 1490. Calculate the remainder when q is divided by 4.
2
Suppose 0 = 3*s + 4*g - 2467, -3*s + g + 2392 + 40 = 0. Calculate the remainder when s is divided by 93.
69
Suppose 153*r + 1416 = 161*r. Calculate the remainder when r is divided by 70.
37
Let y = -534 + 122. Let f = y + 423. Calculate the remainder when 126 is divided by f.
5
Let w(f) = -8*f + 121. Calculate the remainder when 399 is divided by w(14).
3
Calculate the remainder when 233 - (-1 + (23 - 10)) is divided by 21.
11
Let h(i) = 13 - 11*i + i**2 + 4*i + 28. What is the remainder when 118 is divided by h(7)?
36
Let c(p) = 4*p + 88. Let v be c(-22). Suppose r + 153 - 210 = v. Calculate the remainder when r is divided by 22.
13
Suppose -5*l + 204 = -3*r, 2*r - 7*r = 2*l - 94. Let a = l - -80. Calculate the remainder when a is divided by 31.
29
Let y = 148 + -161. Calculate the remainder when 131 is divided by ((-170)/(-15))/(y/(-39)).
29
Suppose 15*n + 31 = -60 + 196. Calculate the remainder when 2770 is divided by n.
5
Let i = 50 - 24. Let s = 92811 - 92762. What is the remainder when s is divided by i?
23
Let m be (-156)/(-48) + (-6)/(-8). Suppose -5*o - v + 47 = v, 5*o - 41 = m*v. What is the remainder when 34 is divided by o?
7
Suppose 0*o - o + 100 = 0. Let l be 4/10 + 1960/o. Suppose 0*a - l = -2*a. Calculate the remainder when 26 is divided by a.
6
Suppose -4*y = -5*k + 129, 0*k - 4*k + y = -112. Let m be 2 + 6 + 4 - 4. Suppose 12 = -7*x + m*x. Calculate the remainder when k is divided by x.
5
Suppose -13*h - 1098 = -19*h. Suppose -f = -o + h, 8*f = 4*f. What is the remainder when o is divided by (46/(-5))/((-1)/5)?
45
Suppose -5*k + 3*v = -27, -4*v + 6 = 2. What is the remainder when 651/k*(-28)/(-49) is divided by 21?
20
Calculate the remainder when 1135 is divided by (-6)/51 - (-28728)/1428.
15
Let b be (-1)/(-2)*1*(-8)/(-1). Suppose -9*x + b*x + 100 = 0. Let w = -3 + x. Calculate the remainder when w is divided by 7.
3
Suppose 5*f + 44 = 6*q, f + 46 = 5*q + 3. Let j be -2 - (2 + (-8 - -1)). Suppose 0*d - j*d + 9 = 0. Calculate the remainder when q is divided by d.
0
Let y(b) = -b**3 - 4*b**2 - 4*b - 3. Suppose -53*p = -50*p + 15. Suppose 16 = 3*t - 29. What is the remainder when y(p) is divided by t?
12
Suppose -975 - 303 = 6*z. Let c = z + 265. Calculate the remainder when 92 is divided by c.
40
Let d = 5840 + -5441. What is the remainder when d is divided by 13?
9
Let y(l) = -l**2 + 9*l - 14. Let f be y(6). Suppose 0 = -4*h + 2*u + 106, 13*h = 16*h - f*u - 77. Calculate the remainder when 102 is divided by h.
21
Suppose -3*f + l = -4*f - 1337, -4*l = 5*f + 6683. What is the remainder when f/(-6) + (15/6 - 2) is divided by 45?
43
Let r = -104 + 111. Let n(m) = m**3 - 3*m**2 - 5*m + 5. Let g be n(4). Let p(k) = 22*k**2 + 2*k - 1. What is the remainder when p(g) is divided by r?
2
Let y(q) = 39*q**2 - q. Calculate the remainder when 1 + -1 + (149 - (-5 - -3)) is divided by y(1).
37
Let d(p) = 5*p - 22. Let z be d(5). Suppose 0 = z*s - 6*s + 96. Calculate the remainder when 1 + (-15)/(-5) + 122 is divided by s.
30
Let p(t) = t + 1. Let s(d) = d**2 + 12*d + 10. Let r(g) = -2*p(g) + s(g). Calculate the remainder when r(7) is divided by 13.
10
Let r(k) = k**3 + 18*k**2 + 56*k + 60. Calculate the remainder when r(-13) is divided by 65.
47
Suppose 4*j + 416 = -348. Let t = j + 192. Calculate the remainder when 11 is divided by t.
0
Let c = 32579 - 32191. What is the remainder when c is divided by 84?
52
Suppose 0 = -5*p - 6*f + 546, -4*p - 251*f + 252*f = -373. What is the remainder when (-75)/(-2)*(-76)/(-6) is divided by p?
91
Let o = 392 - 395. Let j(z) = -3*z**3 - 3*z**2 - 4*z + 3. What is the remainder when j(o) is divided by 9?
6
Suppose -2*k - 10 = 0, -230*y + 228*y + 5*k + 1207 = 0. Calculate the remainder when y is divided by 54.
51
Suppose 0 = -4*d + 20 + 4. Let y be (-736)/(-138) + (-8)/6. Suppose 2*f - 56 = -y*v, -2*f = -0*f. Calculate the remainder when v is divided by d.
2
Suppose -12*t + 0*t - 108 = 0. Calculate the remainder when t + 6 + (-60)/(-2) is divided by 4.
3
Calculate the remainder when 2465 is divided by -5 - 0 - (214 - 228).
8
Let r(p) = p**3 - 50*p**2 + 54*p - 159. What is the remainder when 197 is divided by r(49)?
25
What is the remainder when -1*(-2078 + 1) + (108 - 102) is divided by 15?
13
Suppose 0 = -b - 4*k + 2*k + 248, 250 = b + k. Calculate the remainder when b is divided by 11.
10
Suppose 60*d - 51 = 27 + 642. Suppose -854 = -2*h - 3*n, n + 1712 = 4*h + 5*n. What is the remainder when h is divided by d?
10
Suppose 4*q + 3 = q. Suppose 5*p - b - 10 = 3, 4*b - 8 = 0. Calculate the remainder when 1/(-1)*-2*p - q is divided by 4.
3
Let t = -101663 + 101675. Calculate the remainder when (2 + -5)*(-17)/3 is divided by t.
5
Suppose 5*t + 33*k - 151 = 37*k, -2*t = 2*k - 64. What is the remainder when 6101 is divided by t?
25
Let y(o) = -7 + 9*o**2 - 33*o**2 - 5 - 8*o + 10*o**2 + 29*o**2. Suppose -j - 2 = -24. What is the remainder when y(-2) is divided by j?
20
Calculate the remainder when ((-1507)/66)/((-1)/(-9)*9/(-6)) is divided by 6 + -1 - 16/(-8).
4
Let y(a) = -a**3 + 5*a**2 + 56*a - 26. Calculate the remainder when 148 is divided by y(10).
12
Let u(w) = w**2 + 9*w + 38. Suppose -88*l + 91*l = -18. Calculate the remainder when 78 is divided by u(l).
18
Let n be (-2 - (-2 - -2))/(2/4). Let j be 0 + 2 + 0 + n - 2. Calculate the remainder when 42 is divided by 5*j/((-60)/27).
6
Let z = 3872 - 3868. What is the remainder when 412 is divided by z?
0
Let k(j) = -j**3 - 2*j**2 + j + 27. Let r be k(0). Suppose -r*p = -23*p - 176. Calculate the remainder when 86 is divided by p.
42
Suppose 0 = 89*b - 59*b - 210. What is the remainder when 2365 is divided by b?
6
Suppose 8*h = b + 15337, -20 = b - 19. What is the remainder when 7668 is divided by h?
0
Let l = 135 + 70. Suppose -l = 8*p - 1293. Calculate the remainder when p is divided by 42.
10
Let v = 5042 - 4307. What is the remainder when v is divided by 13?
7
Let y(m) = -3*m**3 - m + 2. Let j be y(1). Calculate the remainder when 23 is divided by (33/18 + j)*3*-14.
2
Let p be 42 + 0 + -2 + 2 + -3. Let s = 98 - p. What is the remainder when s is divided by 7?
3
Let x b